t of 857869?
6
What is the ten thousands digit of 11921778?
2
What is the tens digit of 3966479?
7
What is the ten thousands digit of 129343?
2
What is the units digit of 21458446?
6
What is the units digit of 496215?
5
What is the ten thousands digit of 1338443?
3
What is the tens digit of 54223?
2
What is the units digit of 12002590?
0
What is the hundreds digit of 465266?
2
What is the hundred thousands digit of 589423?
5
What is the ten thousands digit of 5693862?
9
What is the tens digit of 3223055?
5
What is the millions digit of 4837016?
4
What is the ten thousands digit of 26204?
2
What is the hundreds digit of 12749069?
0
What is the thousands digit of 358509?
8
What is the hundreds digit of 4498495?
4
What is the hundred thousands digit of 173072?
1
What is the tens digit of 563511?
1
What is the millions digit of 39487497?
9
What is the thousands digit of 4567?
4
What is the units digit of 964787?
7
What is the hundreds digit of 288237?
2
What is the tens digit of 266968?
6
What is the hundreds digit of 171555?
5
What is the hundreds digit of 958617?
6
What is the units digit of 72717?
7
What is the millions digit of 1214352?
1
What is the millions digit of 19779162?
9
What is the thousands digit of 566819?
6
What is the millions digit of 5917822?
5
What is the millions digit of 4212441?
4
What is the tens digit of 51?
5
What is the hundred thousands digit of 1583720?
5
What is the thousands digit of 4436181?
6
What is the units digit of 3132718?
8
What is the thousands digit of 1878527?
8
What is the units digit of 1400211?
1
What is the units digit of 757832?
2
What is the hundred thousands digit of 190217?
1
What is the tens digit of 61166?
6
What is the millions digit of 6147570?
6
What is the units digit of 190127?
7
What is the ten thousands digit of 956634?
5
What is the hundred thousands digit of 2172333?
1
What is the hundreds digit of 510334?
3
What is the millions digit of 2554984?
2
What is the millions digit of 1107122?
1
What is the hundred thousands digit of 1815618?
8
What is the hundreds digit of 2878512?
5
What is the tens digit of 11570085?
8
What is the ten thousands digit of 785467?
8
What is the tens digit of 9508819?
1
What is the tens digit of 690267?
6
What is the ten thousands digit of 20158482?
5
What is the ten thousands digit of 253622?
5
What is the thousands digit of 922887?
2
What is the thousands digit of 2142633?
2
What is the millions digit of 3144197?
3
What is the tens digit of 11982198?
9
What is the ten thousands digit of 5277149?
7
What is the hundred thousands digit of 624219?
6
What is the ten thousands digit of 196336?
9
What is the thousands digit of 3053078?
3
What is the millions digit of 1045110?
1
What is the ten thousands digit of 301651?
0
What is the hundreds digit of 334346?
3
What is the millions digit of 5337320?
5
What is the thousands digit of 752174?
2
What is the hundreds digit of 549072?
0
What is the tens digit of 374712?
1
What is the tens digit of 150855?
5
What is the millions digit of 23351851?
3
What is the tens digit of 13782457?
5
What is the thousands digit of 184368?
4
What is the thousands digit of 67800?
7
What is the hundreds digit of 194798?
7
What is the ten thousands digit of 2060051?
6
What is the millions digit of 2910292?
2
What is the ten thousands digit of 8493595?
9
What is the units digit of 451678?
8
What is the hundreds digit of 4200456?
4
What is the hundreds digit of 1453299?
2
What is the hundred thousands digit of 2222519?
2
What is the hundred thousands digit of 407447?
4
What is the ten thousands digit of 1342383?
4
What is the ten thousands digit of 529939?
2
What is the thousands digit of 2316399?
6
What is the hundreds digit of 1008360?
3
What is the hundreds digit of 1636460?
4
What is the ten thousands digit of 51796?
5
What is the hundreds digit of 648120?
1
What is the hundred thousands digit of 1898044?
8
What is the thousands digit of 619753?
9
What is the hundreds digit of 2870533?
5
What is the ten millions digit of 19740130?
1
What is the ten thousands digit of 1000180?
0
What is the ten thousands digit of 9724110?
2
What is the hundreds digit of 24980823?
8
What is the units digit of 1108473?
3
What is the hundreds digit of 9543392?
3
What is the hundreds digit of 2054522?
5
What is the ten thousands digit of 19995397?
9
What is the thousands digit of 341125?
1
What is the hundreds digit of 834903?
9
What is the millions digit of 6679355?
6
What is the ten thousands digit of 58875?
5
What is the millions digit of 7788244?
7
What is the hundred thousands digit of 4209421?
2
What is the tens digit of 4698248?
4
What is the millions digit of 2331729?
2
What is the thousands digit of 197514?
7
What is the thousands digit of 172445?
2
What is the hundreds digit of 2279317?
3
What is the hundred thousands digit of 353028?
3
What is the units digit of 20213623?
3
What is the ten thousands digit of 3339540?
3
What is the millions digit of 7701385?
7
What is the millions digit of 17892453?
7
What is the thousands digit of 8160370?
0
What is the hundreds digit of 10722442?
4
What is the hundred thousands digit of 13776689?
7
What is the thousands digit of 19660?
9
What is the hundreds digit of 394439?
4
What is the ten thousands digit of 3019936?
1
What is the units digit of 255805?
5
What is the units digit of 892011?
1
What is the tens digit of 6261?
6
What is the thousands digit of 426805?
6
What is the millions digit of 1625762?
1
What is the tens digit of 125611?
1
What is the millions digit of 1101399?
1
What is the ten thousands digit of 66022?
6
What is the units digit of 1486436?
6
What is the thousands digit of 9770256?
0
What is the ten thousands digit of 689196?
8
What is the tens digit of 291336?
3
What is the thousands digit of 1033649?
3
What is the thousands digit of 1116241?
6
What is the units digit of 11554042?
2
What is the hundred thousands digit of 179412?
1
What is the tens digit of 410369?
6
What is the thousands digit of 57706?
7
What is the hundreds digit of 722687?
6
What is the millions digit of 5760801?
5
What is the thousands digit of 115679?
5
What is the hundred thousands digit of 2065182?
0
What is the units digit of 4093927?
7
What is the units digit of 13301528?
8
What is the thousands digit of 938516?
8
What is the hundreds digit of 460054?
0
What is the hundreds digit of 79025?
0
What is the tens digit of 23553973?
7
What is the units digit of 81995?
5
What is the thousands digit of 6714?
6
What is the thousands digit of 1643607?
3
What is the thousands digit of 4077429?
7
What is the hundreds digit of 612614?
6
What is the ten thousands digit of 200578?
0
What is the millions digit of 4821520?
4
What is the thousands digit of 321546?
1
What is the units digit of 78281?
1
What is the hundreds digit of 182265?
2
What is the units digit of 641479?
9
What is the tens digit of 61280?
8
What is the tens digit of 54119?
1
What is the hundreds digit of 191860?
8
What is the hundreds digit of 171100?
1
What is the hundred thousands digit of 629749?
6
What is the units digit of 169811?
1
What is the hundred thousands digit of 869039?
8
What is the hundred thousands digit of 7921698?
9
What is the hundred thousands digit of 1236379?
2
What is the millions digit of 1313300?
1
What is the ten thousands digit of 199051?
9
What is the thousands digit of 518612?
8
What is the hundreds digit of 4190413?
4
What is the tens digit of 1352688?
8
What is the tens digit of 290062?
6
What is the hundreds digit of 237564?
5
What is the hundreds digit of 3478070?
0
What is the tens digit of 371925?
2
What is the hundreds digit of 809011?
0
What is the units digit of 330454?
4
What is the tens digit of 5185139?
3
What is the ten thousands digit of 2046204?
4
What is the hundreds digit of 5661092?
0
What is the hundred thousands digit of 204841?
2
What is the tens digit of 1292401?
0
What is the tens digit of 14766?
6
What is the thousands digit of 185632?
5
What is the units digit of 10795697?
7
What is the ten millions digit of 23832905?
2
What is the tens digit of 68061?
6
What is the thousands digit of 1536628?
6
What is the units digit of 112072?
2
What is the hundred thousands digit of 263274?
2
What is the ten thousands